1124*l - 393. Calculate v(-54).
147
Let a(h) = -41745*h + 459188. Determine a(11).
-7
Let b(u) = 280*u - 288. What is b(-6)?
-1968
Let d(t) = 8028*t - 2745585. What is d(342)?
-9
Let v(n) = -n**3 - 29*n**2 - 60*n + 48. Give v(-28).
944
Let l(q) = -2*q**2 + 346*q + 1212. Determine l(175).
512
Let m(j) = 6*j**3 + 26*j**2 - 35*j - 48. Determine m(-6).
-198
Let y(m) = -m**2 - 5489*m + 16482. Calculate y(3).
6
Let z(q) = -3*q**2 - 385*q + 3. What is z(-125)?
1253
Let z(k) = -2412*k**2 + 26526*k + 13. Calculate z(11).
-53
Let s(z) = -466*z + 15580. What is s(34)?
-264
Let z(f) = 2*f**2 - 161*f + 2134. Determine z(18).
-116
Let u(m) = -1044*m - 15673. What is u(-15)?
-13
Let o(s) = s**3 - 26*s**2 + 66*s - 197. Calculate o(23).
-266
Let h(b) = b**2 - 108*b + 2278. Give h(37).
-349
Let u(z) = 3*z**3 - 2501*z**2 + 4176*z - 13253. Determine u(832).
59
Let x(q) = -33*q**3 - 16*q**2 - 88*q + 277. Calculate x(3).
-1022
Let g(i) = -20*i**2 + 222*i + 347. Calculate g(8).
843
Let u(t) = 4581*t + 14625. Determine u(-3).
882
Let a(h) = h**3 - 25*h**2 + 150*h - 1763. What is a(23)?
629
Let f(w) = -3*w**3 + 273*w**2 + 279*w - 106. What is f(92)?
170
Let y(p) = -216*p**2 + 541480*p + 80224. Calculate y(2507).
0
Let f(g) = 2*g**2 - 280*g - 13615. Calculate f(178).
-87
Let t(b) = b**3 - 9806*b**2 - 39235*b - 1. What is t(-4)?
-21
Let b(h) = h**2 - 65903*h + 1712800. What is b(26)?
-2
Let j(o) = 125064*o + 17383901. Determine j(-139).
5
Let a(b) = 7*b**3 + 43*b**2 + 2532*b + 15190. Give a(-6).
34
Let k(h) = -166*h**2 + 664*h - 19. Give k(5).
-849
Let q(x) = -640*x - 1316. Determine q(-2).
-36
Let x(g) = 192*g + 707. Determine x(-6).
-445
Let w(l) = -l**3 + 21*l**2 - 193*l + 1463. Determine w(14).
133
Let b(o) = -79*o**2 + 299*o + 1236. Calculate b(-4).
-1224
Let i(b) = -42*b**2 + 9*b + 18764. What is i(-21)?
53
Let q(d) = -d**3 - 61*d**2 - 140*d - 1303. Give q(-59).
-5
Let x(o) = -o**3 + 11*o**2 - 217*o + 781. Calculate x(4).
25
Let l(q) = -291*q - 2181. What is l(-6)?
-435
Let f(c) = 4*c**2 + 330*c + 537. Determine f(-79).
-569
Let j(s) = 2*s**2 - 13*s - 119. Calculate j(22).
563
Let h(q) = 163*q**2 + 801*q + 44. Calculate h(-5).
114
Let q(k) = 4057*k - 16092. Give q(4).
136
Let n(b) = -2*b**2 + 451*b - 24820. Determine n(117).
569
Let k(h) = 65*h**3 + 2530*h**2 - 196*h - 29. Give k(-39).
10
Let r(b) = 33*b**2 + 2015*b - 6317. Determine r(3).
25
Let h(w) = -189*w**2 + 48*w + 109. Give h(-3).
-1736
Let z(w) = -2495*w - 104436. Give z(-42).
354
Let w(p) = 3*p**2 - 369*p - 1466. What is w(-4)?
58
Let d(g) = 2*g**2 - 385*g - 46808. Calculate d(-85).
367
Let i(q) = 2*q**3 - 19*q**2 - 9*q + 219. Determine i(4).
7
Let x(o) = -2*o**2 - 7480*o - 678354. What is x(-93)?
-12
Let u(p) = -145*p**2 - 59*p - 283. Give u(-2).
-745
Let i(p) = 8417*p - 4385243. Calculate i(521).
14
Let z(t) = -1725*t**2 + 4975*t + 596. Determine z(3).
-4
Let r(x) = x**3 - 156*x**2 - 575*x + 65690. Determine r(157).
64
Let f(o) = -16120*o - 6254583. What is f(-388)?
-23
Let d(o) = -10*o**2 + 1475*o + 6843. Give d(152).
3
Let r(s) = -788*s - 181588. Determine r(-231).
440
Let i(u) = 116500*u + 233030. Give i(-2).
30
Let o(k) = -k**3 + 21*k**2 + 13*k - 705. Determine o(20).
-45
Let c(v) = -67858*v - 4139331. Determine c(-61).
7
Let l(v) = 3*v**2 - 1143*v - 12902. Determine l(-11).
34
Let f(i) = 2*i**3 + 453*i**2 + 1110*i - 2250. Determine f(-224).
-10
Let l(z) = -43078*z - 732370. Determine l(-17).
-44
Let o(p) = 5*p + 387. Give o(-4).
367
Let f(l) = -17*l**2 - 2068*l + 527. What is f(-122)?
-205
Let r(h) = h**2 + 430045*h - 1290136. Give r(3).
8
Let y(i) = -51*i**2 + 4019*i - 24118. Determine y(6).
-1840
Let p(y) = y**2 - 295*y - 19580. Determine p(-56).
76
Let i(n) = 3*n**3 - 76*n**2 + 155*n + 49. Determine i(23).
-89
Let d(n) = 298*n + 5875. Calculate d(-20).
-85
Let x(v) = 443*v + 691. Calculate x(-1).
248
Let k(o) = o**2 - 533*o + 46841. What is k(111)?
-1
Let g(m) = -18*m**2 + 1421*m - 9027. Give g(7).
38
Let s(b) = -4*b**2 + 291*b - 1119. What is s(4)?
-19
Let u(t) = 6*t**3 - 13*t**2 + 29*t - 390. Give u(8).
2082
Let s(l) = 2*l**3 - 47*l**2 + 314*l - 1187. Determine s(16).
-3
Let i(f) = -2657*f - 191307. What is i(-72)?
-3
Let u(s) = 692*s**2 - 44295*s + 427. Give u(64).
-21
Let j(i) = -i**2 - 16086*i - 32175. What is j(-2)?
-7
Let n(s) = -10*s**3 - 241*s**2 - 230*s + 63. Give n(-23).
-466
Let t(a) = -5526*a - 116077. Calculate t(-21).
-31
Let l(m) = 28*m - 2091. Calculate l(96).
597
Let m(z) = 42*z**2 - 17641*z + 681239. Calculate m(377).
0
Let d(k) = 80*k - 1313. Calculate d(15).
-113
Let r(h) = 51*h**2 + 870*h + 373. Determine r(-17).
322
Let c(w) = -267*w**2 + 719*w - 1437. Calculate c(2).
-1067
Let o(r) = 911*r - 3861. What is o(5)?
694
Let v(h) = 550448*h - 1651357. What is v(3)?
-13
Let j(m) = m**3 - 2*m**2 - 509*m - 1183. Determine j(-20).
197
Let y(b) = 1231*b - 18258. Calculate y(15).
207
Let t(f) = -184*f + 3345. Calculate t(17).
217
Let h(a) = -a**3 - 321*a**2 + 908*a - 20561. What is h(-324)?
175
Let q(x) = -321*x + 12720. What is q(44)?
-1404
Let q(c) = -5789*c + 63637. Give q(11).
-42
Let j(i) = -10*i**3 + 61*i**2 - 316*i + 254. Determine j(1).
-11
Let i(b) = b**2 + 26410*b + 659626. Determine i(-25).
1
Let d(t) = -49*t**2 - 645*t - 387. What is d(-12)?
297
Let t(h) = h**2 - 354*h + 750. What is t(353)?
397
Let o(q) = -q**3 + 27*q**2 + 42*q - 452. Determine o(28).
-60
Let k(y) = 4*y**3 - 77*y**2 - 506*y + 8930. What is k(20)?
10
Let n(a) = 842*a**2 + 21058*a + 178. Give n(-25).
-22
Let l(k) = -37*k + 3268. Determine l(-63).
5599
Let l(t) = -377*t + 211. Calculate l(0).
211
Let b(h) = -3312*h - 13301. What is b(-4)?
-53
Let g(i) = -116*i**2 - 23*i + 74. What is g(-2)?
-344
Let n(b) = -156093*b - 780461. What is n(-5)?
4
Let k(g) = -1157*g - 19674. Determine k(-17).
-5
Let c(g) = -512*g - 185875. Give c(-363).
-19
Let f(n) = -150*n**3 - 3901*n**2 - 32*n - 16. Determine f(-26).
140
Let p(w) = -46732*w - 234369. What is p(-5)?
-709
Let p(t) = -187*t**2 - 19125*t - 5197. Give p(-102).
5
Let j(a) = 3*a**3 + 181*a**2 - 1649*a + 66. What is j(8)?
-6
Let o(b) = -50*b**2 + 16*b - 147. What is o(6)?
-1851
Let o(j) = j**2 + 2406*j - 719486. Calculate o(269).
89
Let r(z) = 130708*z - 784338. Give r(6).
-90
Let i(o) = -105*o**2 + 1172*o + 4442. Determine i(-3).
-19
Let p(a) = 5603*a - 1171016. Determine p(209).
11
Let y(t) = -t**3 - 10*t**2 - 11*t - 227. What is y(-10)?
-117
Let q(r) = 2*r**2 - 777*r + 8224. Give q(11).
-81
Let q(g) = -g**3 + 24*g**2 + 493*g - 2280. Determine q(4).
12
Let g(m) = -3468230*m + 27745838. Calculate g(8).
-2
Let r(d) = -2*d**2 + 129143*d - 1033011. Give r(8).
5
Let f(j) = 37*j**3 - 144*j**2 - 18*j + 19. What is f(4)?
11
Let a(x) = 2*x**3 - 113*x**2 + 1404*x + 32. What is a(16)?
1760
Let i(x) = 1400*x - 18716. Give i(15).
2284
Let y(v) = 9*v**2 + 293*v + 682. Determine y(-30).
-8
Let t(j) = -j**3 + 76*j**2 + 2949*j + 5587. Determine t(-2).
1
Let p(z) = 2*z**3 + 486*z**2 - 8862*z - 5707. Give p(-260).
13
Let d(r) = -r**3 - 23*r**2 - 35*r + 145. Give d(-22).
431
Let h(w) = -2*w**2 - 216*w + 14358. Give h(46).
190
Let k(a) = -a**3 + 80*a**2 + 1251*a + 16532. Determine k(95).
2
Let l(p) = 4*p**3 - 8*p**2 - 276*p + 1466. Determine l(5).
386
Let g(s) = -s**3 + 361*s**2 + 21*s + 3. Give g(0).
3
Let t(c) = -3*c**2 - 264*c + 7697. Determine t(23).
38
Let q(m) = -17*m**3 + 10*m**2 - m - 48. Calculate q(6).
-3366
Let j(r) = -r**2 - 70*r + 9248. Calculate j(-141).
-763
Let l(m) = 10*m**2 + 1353*m + 6767. What is l(-5)?
252
Let z(d) = 263*d - 24272. Calculate z(95).
713
Let v(b) = -2*b**3 - 69*b**2 - 267*b + 2. Calculate v(-30).
-88
Let y(k) = 146504*k - 45. Give y(0).
-45
Let w(n) = -n**3 + 17*n**2 - 41*n - 67. Give w(14).
-53
Let b(l) = 5*l**2 - 499*l + 1442. Calculate b(3).
-10
Let g(y) = 13*y**2 - 4487*y + 35159. What is g(8)?
95
Let s(f) = -21895*f - 4882599. Calculate s(-223).
-14
Let d(a) = 33005*a - 297056. Give d(9).
-11
Let f(g) = -33*g**2 + 859*g - 15. Give f(26).
11
Let k(h) = -52*h**2 + 1707*h - 12017. What is k(7)?
-2616
Let h(l) = -55*l**3 + 561*l**2 - 107*l + 65. What is h(10)?
95
Let s(v) = 3920*v - 4794. Determine s(2).
3046
Let f(r) = -r**3 - 68*r**2 - 715*r - 205. Determine f(-55).
-205
Let f(j) = -9*j**3 + 93*j**2 + 35*j - 4. Calculate f(11).
-345
Let w(d)